{"id":1135,"date":"2021-04-30T14:26:41","date_gmt":"2021-04-30T17:26:41","guid":{"rendered":"http:\/\/moveisstoffel.com.br\/?post_type=product&#038;p=1135"},"modified":"2025-11-25T19:22:06","modified_gmt":"2025-11-25T22:22:06","slug":"piso-elevado","status":"publish","type":"product","link":"https:\/\/stoffeldivisorias.com.br\/index.php\/product\/piso-elevado\/","title":{"rendered":"Piso Elevado"},"content":{"rendered":"<p><span class=\"JsGRdQ\">Se voc\u00ea procura uma solu\u00e7\u00e3o simples e de f\u00e1cil manuseio para organizar a sua infraestrutura, nossos pisos s\u00e3o uma excelente op\u00e7\u00e3o para voc\u00ea. Al\u00e9m de elegantes<\/span> <span class=\"JsGRdQ\">e resistentes as placas podem ser retiradas facilmente, de qualquer ponto do ambiente, para a manuten\u00e7\u00e3o dos cabos.<\/span><\/p>\n","protected":false},"excerpt":{"rendered":"<p class=\"_04xlpA direction-ltr align-start para-style-body\"><span class=\"JsGRdQ\">Se voc\u00ea procura uma solu\u00e7\u00e3o simples e de f\u00e1cil manuseio para organizar a sua infraestrutura, nossos pisos s\u00e3o uma excelente op\u00e7\u00e3o para voc\u00ea. Al\u00e9m de elegantes<\/span> <span class=\"JsGRdQ\">e resistentes as placas podem ser retiradas facilmente, de qualquer ponto do ambiente, para a manuten\u00e7\u00e3o dos cabos.<\/span><\/p>\n","protected":false},"featured_media":1136,"comment_status":"open","ping_status":"closed","template":"","meta":{"om_disable_all_campaigns":false,"_monsterinsights_skip_tracking":false,"_monsterinsights_sitenote_active":false,"_monsterinsights_sitenote_note":"","_monsterinsights_sitenote_category":0,"_joinchat":{"message_send":"Ol\u00e1 quero um or\u00e7amento do produto {PRODUCT}."}},"product_brand":[],"product_cat":[30],"product_tag":[],"class_list":{"0":"post-1135","1":"product","2":"type-product","3":"status-publish","4":"has-post-thumbnail","6":"product_cat-pisos","8":"first","9":"instock","10":"shipping-taxable","11":"product-type-simple"},"aioseo_notices":[],"_links":{"self":[{"href":"https:\/\/stoffeldivisorias.com.br\/index.php\/wp-json\/wp\/v2\/product\/1135","targetHints":{"allow":["GET"]}}],"collection":[{"href":"https:\/\/stoffeldivisorias.com.br\/index.php\/wp-json\/wp\/v2\/product"}],"about":[{"href":"https:\/\/stoffeldivisorias.com.br\/index.php\/wp-json\/wp\/v2\/types\/product"}],"replies":[{"embeddable":true,"href":"https:\/\/stoffeldivisorias.com.br\/index.php\/wp-json\/wp\/v2\/comments?post=1135"}],"version-history":[{"count":1,"href":"https:\/\/stoffeldivisorias.com.br\/index.php\/wp-json\/wp\/v2\/product\/1135\/revisions"}],"predecessor-version":[{"id":1372,"href":"https:\/\/stoffeldivisorias.com.br\/index.php\/wp-json\/wp\/v2\/product\/1135\/revisions\/1372"}],"wp:featuredmedia":[{"embeddable":true,"href":"https:\/\/stoffeldivisorias.com.br\/index.php\/wp-json\/wp\/v2\/media\/1136"}],"wp:attachment":[{"href":"https:\/\/stoffeldivisorias.com.br\/index.php\/wp-json\/wp\/v2\/media?parent=1135"}],"wp:term":[{"taxonomy":"product_brand","embeddable":true,"href":"https:\/\/stoffeldivisorias.com.br\/index.php\/wp-json\/wp\/v2\/product_brand?post=1135"},{"taxonomy":"product_cat","embeddable":true,"href":"https:\/\/stoffeldivisorias.com.br\/index.php\/wp-json\/wp\/v2\/product_cat?post=1135"},{"taxonomy":"product_tag","embeddable":true,"href":"https:\/\/stoffeldivisorias.com.br\/index.php\/wp-json\/wp\/v2\/product_tag?post=1135"}],"curies":[{"name":"wp","href":"https:\/\/api.w.org\/{rel}","templated":true}]}}

<p><span class="JsGRdQ">Se você procura uma solução simples e de fácil manuseio para organizar a sua infraestrutura, nossos pisos são uma excelente opção para você. Além de elegantes</span> <span class="JsGRdQ">e resistentes as placas podem ser retiradas facilmente, de qualquer ponto do ambiente, para a manutenção dos cabos.</span></p>

<p class="_04xlpA direction-ltr align-start para-style-body"><span class="JsGRdQ">Se você procura uma solução simples e de fácil manuseio para organizar a sua infraestrutura, nossos pisos são uma excelente opção para você. Além de elegantes</span> <span class="JsGRdQ">e resistentes as placas podem ser retiradas facilmente, de qualquer ponto do ambiente, para a manutenção dos cabos.</span></p>

Olá quero um orçamento do produto {PRODUCT}.
