{"id":1160,"date":"2021-04-30T16:42:32","date_gmt":"2021-04-30T19:42:32","guid":{"rendered":"http:\/\/moveisstoffel.com.br\/?post_type=product&#038;p=1160"},"modified":"2024-06-28T13:35:24","modified_gmt":"2024-06-28T16:35:24","slug":"drywall-gesso-acartonado","status":"publish","type":"product","link":"https:\/\/stoffeldivisorias.com.br\/index.php\/product\/drywall-gesso-acartonado\/","title":{"rendered":"DryWall \/ Gesso Acartonado"},"content":{"rendered":"<p><span class=\"JsGRdQ\">Esse sistema possui uma ampla vantagem sobre as paredes de alvenaria quando se trata de uso interno, al\u00e9m de sua instala\u00e7\u00e3o ser mais limpa e gerar menos desperd\u00edcios. Tamb\u00e9m pode ser usado como um recurso de design para criar paredes e tetos personalizados. Oferecemos atributos como resist\u00eancia a fogo e umidade.<\/span><\/p>\n","protected":false},"excerpt":{"rendered":"<p><span class=\"JsGRdQ\">Esse sistema possui uma ampla vantagem sobre as paredes de alvenaria quando se trata de uso interno, al\u00e9m de sua instala\u00e7\u00e3o ser mais limpa e gerar menos desperd\u00edcios. Tamb\u00e9m pode ser usado como um recurso de design para criar paredes e tetos personalizados. Oferecemos atributos como resist\u00eancia a fogo e umidade.<\/span><\/p>\n","protected":false},"featured_media":1440,"comment_status":"open","ping_status":"closed","template":"","meta":{"om_disable_all_campaigns":false,"_monsterinsights_skip_tracking":false,"_monsterinsights_sitenote_active":false,"_monsterinsights_sitenote_note":"","_monsterinsights_sitenote_category":0,"_joinchat":{"message_send":"Ol\u00e1, quero um or\u00e7amento de {PRODUCT}!"}},"product_brand":[],"product_cat":[29],"product_tag":[],"class_list":{"0":"post-1160","1":"product","2":"type-product","3":"status-publish","4":"has-post-thumbnail","6":"product_cat-divisorias","8":"first","9":"instock","10":"shipping-taxable","11":"product-type-simple"},"aioseo_notices":[],"_links":{"self":[{"href":"https:\/\/stoffeldivisorias.com.br\/index.php\/wp-json\/wp\/v2\/product\/1160","targetHints":{"allow":["GET"]}}],"collection":[{"href":"https:\/\/stoffeldivisorias.com.br\/index.php\/wp-json\/wp\/v2\/product"}],"about":[{"href":"https:\/\/stoffeldivisorias.com.br\/index.php\/wp-json\/wp\/v2\/types\/product"}],"replies":[{"embeddable":true,"href":"https:\/\/stoffeldivisorias.com.br\/index.php\/wp-json\/wp\/v2\/comments?post=1160"}],"version-history":[{"count":2,"href":"https:\/\/stoffeldivisorias.com.br\/index.php\/wp-json\/wp\/v2\/product\/1160\/revisions"}],"predecessor-version":[{"id":1370,"href":"https:\/\/stoffeldivisorias.com.br\/index.php\/wp-json\/wp\/v2\/product\/1160\/revisions\/1370"}],"wp:featuredmedia":[{"embeddable":true,"href":"https:\/\/stoffeldivisorias.com.br\/index.php\/wp-json\/wp\/v2\/media\/1440"}],"wp:attachment":[{"href":"https:\/\/stoffeldivisorias.com.br\/index.php\/wp-json\/wp\/v2\/media?parent=1160"}],"wp:term":[{"taxonomy":"product_brand","embeddable":true,"href":"https:\/\/stoffeldivisorias.com.br\/index.php\/wp-json\/wp\/v2\/product_brand?post=1160"},{"taxonomy":"product_cat","embeddable":true,"href":"https:\/\/stoffeldivisorias.com.br\/index.php\/wp-json\/wp\/v2\/product_cat?post=1160"},{"taxonomy":"product_tag","embeddable":true,"href":"https:\/\/stoffeldivisorias.com.br\/index.php\/wp-json\/wp\/v2\/product_tag?post=1160"}],"curies":[{"name":"wp","href":"https:\/\/api.w.org\/{rel}","templated":true}]}}