{"id":1190,"date":"2021-05-03T09:26:22","date_gmt":"2021-05-03T12:26:22","guid":{"rendered":"http:\/\/moveisstoffel.com.br\/?post_type=product&#038;p=1190"},"modified":"2026-01-03T12:13:22","modified_gmt":"2026-01-03T15:13:22","slug":"moveis-de-escritorio","status":"publish","type":"product","link":"https:\/\/stoffeldivisorias.com.br\/index.php\/product\/moveis-de-escritorio\/","title":{"rendered":"M\u00f3veis para Escrit\u00f3rio"},"content":{"rendered":"<p class=\"_04xlpA direction-ltr align-start para-style-body\"><span class=\"JsGRdQ\">Conhe\u00e7a a linha de m\u00f3veis para escrit\u00f3rio com fabrica\u00e7\u00e3o pr\u00f3pria da <\/span><span class=\"JsGRdQ\">Stoffel, Design premium super sofisticado, com as pe\u00e7as ideais para a empresa ou para o home office!<\/span><\/p>\n","protected":false},"excerpt":{"rendered":"<p class=\"_04xlpA direction-ltr align-start para-style-body\"><span class=\"JsGRdQ\">Conhe\u00e7a a linha de m\u00f3veis para escrit\u00f3rio com fabrica\u00e7\u00e3o pr\u00f3pria da <\/span><span class=\"JsGRdQ\">Stoffel, Design premium super sofisticado, com as pe\u00e7as ideais para a empresa ou para o home office!<\/span><\/p>\n","protected":false},"featured_media":1927,"comment_status":"open","ping_status":"closed","template":"","meta":{"om_disable_all_campaigns":false,"_monsterinsights_skip_tracking":false,"_monsterinsights_sitenote_active":false,"_monsterinsights_sitenote_note":"","_monsterinsights_sitenote_category":0,"_joinchat":{"telephone":"+5551998635725","message_send":"Ol\u00e1, quero um or\u00e7amento de {PRODUCT}!"}},"product_brand":[],"product_cat":[32],"product_tag":[33],"class_list":{"0":"post-1190","1":"product","2":"type-product","3":"status-publish","4":"has-post-thumbnail","6":"product_cat-moveis","7":"product_tag-moveis","9":"first","10":"instock","11":"shipping-taxable","12":"product-type-simple"},"aioseo_notices":[],"_links":{"self":[{"href":"https:\/\/stoffeldivisorias.com.br\/index.php\/wp-json\/wp\/v2\/product\/1190","targetHints":{"allow":["GET"]}}],"collection":[{"href":"https:\/\/stoffeldivisorias.com.br\/index.php\/wp-json\/wp\/v2\/product"}],"about":[{"href":"https:\/\/stoffeldivisorias.com.br\/index.php\/wp-json\/wp\/v2\/types\/product"}],"replies":[{"embeddable":true,"href":"https:\/\/stoffeldivisorias.com.br\/index.php\/wp-json\/wp\/v2\/comments?post=1190"}],"version-history":[{"count":6,"href":"https:\/\/stoffeldivisorias.com.br\/index.php\/wp-json\/wp\/v2\/product\/1190\/revisions"}],"predecessor-version":[{"id":1425,"href":"https:\/\/stoffeldivisorias.com.br\/index.php\/wp-json\/wp\/v2\/product\/1190\/revisions\/1425"}],"wp:featuredmedia":[{"embeddable":true,"href":"https:\/\/stoffeldivisorias.com.br\/index.php\/wp-json\/wp\/v2\/media\/1927"}],"wp:attachment":[{"href":"https:\/\/stoffeldivisorias.com.br\/index.php\/wp-json\/wp\/v2\/media?parent=1190"}],"wp:term":[{"taxonomy":"product_brand","embeddable":true,"href":"https:\/\/stoffeldivisorias.com.br\/index.php\/wp-json\/wp\/v2\/product_brand?post=1190"},{"taxonomy":"product_cat","embeddable":true,"href":"https:\/\/stoffeldivisorias.com.br\/index.php\/wp-json\/wp\/v2\/product_cat?post=1190"},{"taxonomy":"product_tag","embeddable":true,"href":"https:\/\/stoffeldivisorias.com.br\/index.php\/wp-json\/wp\/v2\/product_tag?post=1190"}],"curies":[{"name":"wp","href":"https:\/\/api.w.org\/{rel}","templated":true}]}}